 factors of 6795191.
13, 522707
What are the prime factors of 9017?
71, 127
List the prime factors of 3347297.
3347297
What are the prime factors of 95934?
2, 3, 59, 271
What are the prime factors of 284431?
7, 179, 227
List the prime factors of 512262.
2, 3, 149, 191
List the prime factors of 3863043.
3, 429227
What are the prime factors of 821504?
2, 3209
What are the prime factors of 276850?
2, 5, 7, 113
What are the prime factors of 8279455?
5, 1655891
List the prime factors of 9001646.
2, 463, 9721
What are the prime factors of 32352639?
3, 11, 179, 5477
List the prime factors of 626235.
3, 5, 83, 503
List the prime factors of 156108.
2, 3, 13009
List the prime factors of 2158061.
2158061
What are the prime factors of 885530?
2, 5, 17, 5209
List the prime factors of 854006.
2, 311, 1373
What are the prime factors of 203028?
2, 3, 7, 2417
List the prime factors of 153127.
13, 11779
What are the prime factors of 98224?
2, 7, 877
What are the prime factors of 890208?
2, 3, 11, 281
What are the prime factors of 2124521?
7, 223, 1361
What are the prime factors of 85893?
3, 28631
List the prime factors of 6536629.
11, 29, 31, 661
What are the prime factors of 13522364?
2, 1367, 2473
What are the prime factors of 8653016?
2, 487, 2221
List the prime factors of 21576838.
2, 229, 47111
List the prime factors of 5516752.
2, 344797
What are the prime factors of 447046?
2, 107, 2089
What are the prime factors of 4652?
2, 1163
List the prime factors of 635205.
3, 5, 17, 47, 53
List the prime factors of 510587.
7, 11, 19, 349
What are the prime factors of 957558?
2, 3, 7, 3257
List the prime factors of 1172093.
13, 29, 3109
List the prime factors of 16371431.
3361, 4871
List the prime factors of 4136729.
17, 43, 5659
List the prime factors of 23572340.
2, 5, 11, 109, 983
List the prime factors of 2919531.
3, 973177
What are the prime factors of 184723?
7, 11, 2399
List the prime factors of 5752360.
2, 5, 31, 4639
What are the prime factors of 1562400?
2, 3, 5, 7, 31
What are the prime factors of 3414975?
3, 5, 45533
List the prime factors of 2525216.
2, 23, 47, 73
List the prime factors of 189442.
2, 11, 79, 109
List the prime factors of 269789.
13, 20753
List the prime factors of 201829.
201829
List the prime factors of 25873491.
3, 7, 1232071
List the prime factors of 89331.
3, 11, 2707
List the prime factors of 5088925.
5, 47, 61, 71
What are the prime factors of 75773?
75773
List the prime factors of 22513884.
2, 3, 1876157
List the prime factors of 26198017.
19, 1378843
What are the prime factors of 105842?
2, 11, 17, 283
What are the prime factors of 942587?
29, 32503
What are the prime factors of 313354?
2, 156677
List the prime factors of 2223356.
2, 59, 9421
List the prime factors of 6470900.
2, 5, 64709
What are the prime factors of 51413?
51413
What are the prime factors of 190552?
2, 23819
List the prime factors of 4362562.
2, 131, 16651
What are the prime factors of 126793?
103, 1231
List the prime factors of 2494209.
3, 67, 12409
What are the prime factors of 365522?
2, 19, 9619
List the prime factors of 686185.
5, 19, 31, 233
List the prime factors of 459627.
3, 7, 43, 509
What are the prime factors of 12284310?
2, 3, 5, 409477
What are the prime factors of 2585665?
5, 41, 12613
List the prime factors of 311158.
2, 155579
What are the prime factors of 170065?
5, 7, 43, 113
What are the prime factors of 25323?
3, 23, 367
List the prime factors of 556841.
556841
List the prime factors of 79448.
2, 9931
List the prime factors of 1004096.
2, 29, 541
What are the prime factors of 1159229?
1159229
List the prime factors of 4938218.
2, 239, 10331
What are the prime factors of 13057906?
2, 191, 34183
List the prime factors of 8842384.
2, 552649
What are the prime factors of 650441?
11, 29, 2039
List the prime factors of 4494677.
11, 408607
What are the prime factors of 18072749?
97, 186317
What are the prime factors of 5167337?
7, 17, 173, 251
What are the prime factors of 8815999?
71, 227, 547
What are the prime factors of 246825?
3, 5, 1097
What are the prime factors of 2344?
2, 293
What are the prime factors of 1366713?
3, 47, 359
List the prime factors of 88493.
88493
List the prime factors of 3462967.
53, 223, 293
What are the prime factors of 253362?
2, 3, 42227
What are the prime factors of 231332?
2, 151, 383
What are the prime factors of 949274?
2, 89, 5333
What are the prime factors of 356669?
97, 3677
List the prime factors of 530133.
3, 176711
List the prime factors of 668270.
2, 5, 17, 3931
List the prime factors of 11253116.
2, 7, 17, 47, 503
What are the prime factors of 120584?
2, 15073
List the prime factors of 4518404.
2, 11, 103, 997
List the prime factors of 229136.
2, 14321
List the prime factors of 2372012.
2, 593003
What are the prime factors of 694509?
3, 231503
What are the prime factors of 14115154?
2, 101, 69877
List the prime factors of 227587.
37, 6151
What are the prime factors of 1330027?
29, 45863
What are the prime factors of 6495202?
2, 7, 37, 12539
List the prime factors of 3606897.
3, 7, 171757
What are the prime factors of 156233?
7, 11, 2029
What are the prime factors of 996558?
2, 3, 37, 67
List the prime factors of 7361025.
3, 5, 7, 2003
List the prime factors of 264684.
2, 3, 7, 23, 137
List the prime factors of 20339864.
2, 2542483
What are the prime factors of 22228793?
22228793
List the prime factors of 239446.
2, 119723
What are the prime factors of 2032634?
2, 967, 1051
List the prime factors of 911098.
2, 17, 127, 211
What are the prime factors of 206030?
2, 5, 11, 1873
What are the prime factors of 4464613?
41, 108893
What are the prime factors of 4636211?
37, 125303
What are the prime factors of 8079965?
5, 173, 9341
What are the prime factors of 397298?
2, 11, 18059
List the prime factors of 4298820.
2, 3, 5, 71647
List the prime factors of 2610368.
2, 40787
What are the prime factors of 498348?
2, 3, 109, 127
List the prime factors of 143865.
3, 5, 23, 139
What are the prime factors of 2902598?
2, 53, 139, 197
What are the prime factors of 95663?
271, 353
What are the prime factors of 285676?
2, 71419
List the prime factors of 605663.
19, 127, 251
List the prime factors of 2156671.
11, 17, 19, 607
List the prime factors of 64359.
3, 7151
What are the prime factors of 6192949?
7, 37, 23911
What are the prime factors of 743877?
3, 27551
What are the prime factors of 1657945?
5, 331589
What are the prime factors of 1470789?
3, 17, 9613
List the prime factors of 59107.
59107
List the prime factors of 137695.
5, 27539
List the prime factors of 235220.
2, 5, 19, 619
List the prime factors of 6331732.
2, 11, 151, 953
List the prime factors of 374186.
2, 19, 43, 229
What are the prime factors of 4681510?
2, 5, 468151
List the prime factors of 672580.
2, 5, 33629
What are the prime factors of 277983?
3, 67, 461
What are the prime factors of 795283?
19, 2203
List the prime factors of 12468.
2, 3, 1039
List the prime factors of 3011959.
3011959
List the prime factors of 64478.
2, 103, 313
What are the prime factors of 15752653?
7, 19, 83, 1427
List the prime factors of 5723378.
2, 47, 60887
What are the prime factors of 7056557?
7056557
List the prime factors of 3507876.
2, 3, 97441
What are the prime factors of 284447?
284447
What are the prime factors of 95315?
5, 11, 1733
List the prime factors of 104200.
2, 5, 521
What are the prime factors of 59865?
3, 5, 13, 307
List the prime factors of 947693.
53, 17881
What are the prime factors of 252250?
2, 5, 1009
List the prime factors of 5159979.
3, 11, 52121
List the prime factors of 2101541.
13, 139, 1163
List the prime factors of 842348.
2, 13, 97, 167
What are the prime factors of 315852?
2, 3, 26321
What are the prime factors of 110432?
2, 7, 17, 29
List the prime factors of 2228947.
7, 19, 16759
What are the prime factors of 76145?
5, 97, 157
List the prime factors of 1861790.
2, 5, 7, 26597
What are the prime factors of 3996036?
2, 3, 11, 10091
List the prime factors of 966840.
2, 3, 5, 7, 1151
List the prime factors of 39134605.
5, 157, 49853
List the prime factors of 5061312.
2, 3, 29, 101
What are the prime factors of 300546?
2, 3, 59, 283
What are the prime factors of 28615843?
19, 617, 2441
What are the prime factors of 318760?
2, 5, 13, 613
